{"id":83,"date":"2021-12-20T20:31:14","date_gmt":"2021-12-20T20:31:14","guid":{"rendered":"https:\/\/sportfreaks.eu\/?page_id=83"},"modified":"2022-01-30T16:30:39","modified_gmt":"2022-01-30T16:30:39","slug":"impressum","status":"publish","type":"page","link":"https:\/\/sportfreaks.eu\/index.php\/impressum\/","title":{"rendered":"Impressum"},"content":{"rendered":"<p>Die Webseite und dieser Service wird betrieben von<\/p><p>Lukas Tegischer<br>Unterleiten 46<br>7532 Litzelsdorf<\/p><p><strong>E-Mail<\/strong>:\u00a0<a href=\"mailto:info@sportfreaks.eu\" data-type=\"mailto\" data-id=\"mailto:info@sportfreaks.eu\"><\/a><a href=\"mailto:info@sportfreaks.eu\" data-type=\"mailto\" data-id=\"mailto:info@sportfreaks.eu\">info@sportfreaks.eu<\/a><\/p><p><strong>Links:<\/strong>&nbsp;<a href=\"https:\/\/prof-tegischer.com\/datenschutzerklaerung\/\">Datenschutzerkl\u00e4rung<\/a><\/p><h3 class=\"wp-block-heading\" id=\"haftungsausschluss\">Haftungsausschluss<\/h3><p>Diese Website kann Links oder Verweise auf Websites Dritter enthalten. Diese Links zu den Websites Dritter stellen keine Zustimmung zu deren Inhalten dar. Wir \u00fcbernehmen keine Verantwortung f\u00fcr die Verf\u00fcgbarkeit oder den Inhalt solcher Websites und keine Haftung f\u00fcr Sch\u00e4den oder Verletzungen, die aus der Nutzung \u2013 gleich welcher Art \u2013 solcher Inhalte entstehen. Links zu anderen Websites werden den Nutzern dieser Website lediglich als Service zur Verf\u00fcgung gestellt. Das Herstellen einer Verbindung zu diesen Websites geschieht auf eigene Gefahr des Benutzers.<\/p><p>Der Autor erkl\u00e4rt hiermit ausdr\u00fccklich, dass zum Zeitpunkt der Linksetzung keine illegalen Inhalte auf den zu verlinkenden Seiten erkennbar waren. Auf die aktuelle und zuk\u00fcnftige Gestaltung, die Inhalte oder die Urheberschaft der verlinkten\/verkn\u00fcpften Seiten hat der Autor keinerlei Einfluss. Deshalb distanziert er sich hiermit ausdr\u00fccklich von allen Inhalten aller verlinkten \/verkn\u00fcpften Seiten, die nach der Linksetzung ver\u00e4ndert wurden. Diese Feststellung gilt f\u00fcr alle innerhalb des eigenen Internetangebotes gesetzten Links und Verweise sowie f\u00fcr Fremdeintr\u00e4ge in vom Autor eingerichteten G\u00e4steb\u00fcchern, Diskussionsforen, Linkverzeichnissen, Mailinglisten und in allen anderen Formen von Datenbanken, auf deren Inhalt externe Schreibzugriffe m\u00f6glich sind. F\u00fcr illegale, fehlerhafte oder unvollst\u00e4ndige Inhalte und insbesondere f\u00fcr Sch\u00e4den, die aus der Nutzung oder Nichtnutzung solcherart dargebotener Informationen entstehen, haftet allein der Anbieter der Seite, auf welche verwiesen wurde, nicht derjenige, der \u00fcber Links auf die jeweilige Ver\u00f6ffentlichung lediglich verweist.<\/p><h3 class=\"wp-block-heading\" id=\"anderungen-vorbehalten\">\u00c4nderungen vorbehalten<\/h3><p>Alle Informationen auf dieser Webseite k\u00f6nnen technische Ungenauigkeiten oder Fehler enthalten. Weiterhin k\u00f6nnen sich die Daten von Zeit zu Zeit ohne Vorank\u00fcndigung \u00e4ndern.<\/p><p>Es werden alle Anstrengungen unternommen, um die Webseite ohne St\u00f6rung zu betrieben. Jedoch haften wir nicht und \u00fcbernehmen keine Verantwortung daf\u00fcr, falls die Webseite vor\u00fcbergehend nicht verf\u00fcgbar ist.<\/p><p>DIESES IMPRESSUM KANN SICH OHNE ANK\u00dcNDIGUNG \u00c4NDERN.<\/p><p>Stand: 19.11.2021<\/p><p><\/p><div style=\"height:220px\" aria-hidden=\"true\" class=\"wp-block-spacer\"><\/div><p class=\"has-text-align-center\"><a href=\"https:\/\/sportfreaks.eu\/index.php\/datenschutzerklaerung\/\" data-type=\"URL\" data-id=\"https:\/\/sportfreaks.eu\/index.php\/datenschutzerklaerung\/\">Datenschutzerkl\u00e4rung<\/a> ~ <a href=\"https:\/\/sportfreaks.eu\/index.php\/impressum\/\" data-type=\"URL\" data-id=\"https:\/\/sportfreaks.eu\/index.php\/impressum\/\">Impressum<\/a> ~ <a href=\"https:\/\/sportfreaks.eu\/index.php\/lizenzbedingungen-und-regeln\/\" data-type=\"URL\" data-id=\"https:\/\/sportfreaks.eu\/index.php\/lizenzbedingungen-und-regeln\/\">Lizenzbedingungen und Regeln<\/a><\/p>","protected":false},"excerpt":{"rendered":"<p>Die Webseite und dieser Service wird betrieben von Lukas TegischerUnterleiten 467532 Litzelsdorf E-Mail:\u00a0info@sportfreaks.eu Links:&nbsp;Datenschutzerkl\u00e4rung Haftungsausschluss Diese Website kann Links oder Verweise auf Websites Dritter enthalten. Diese Links zu den Websites Dritter stellen keine Zustimmung zu deren Inhalten dar. Wir \u00fcbernehmen keine Verantwortung f\u00fcr die Verf\u00fcgbarkeit oder den Inhalt solcher Websites und keine Haftung f\u00fcr Sch\u00e4den [&hellip;]<\/p>\n","protected":false},"author":1,"featured_media":0,"parent":0,"menu_order":0,"comment_status":"closed","ping_status":"closed","template":"","meta":{"footnotes":""},"class_list":["post-83","page","type-page","status-publish","hentry"],"_links":{"self":[{"href":"https:\/\/sportfreaks.eu\/index.php\/wp-json\/wp\/v2\/pages\/83","targetHints":{"allow":["GET"]}}],"collection":[{"href":"https:\/\/sportfreaks.eu\/index.php\/wp-json\/wp\/v2\/pages"}],"about":[{"href":"https:\/\/sportfreaks.eu\/index.php\/wp-json\/wp\/v2\/types\/page"}],"author":[{"embeddable":true,"href":"https:\/\/sportfreaks.eu\/index.php\/wp-json\/wp\/v2\/users\/1"}],"replies":[{"embeddable":true,"href":"https:\/\/sportfreaks.eu\/index.php\/wp-json\/wp\/v2\/comments?post=83"}],"version-history":[{"count":5,"href":"https:\/\/sportfreaks.eu\/index.php\/wp-json\/wp\/v2\/pages\/83\/revisions"}],"predecessor-version":[{"id":448,"href":"https:\/\/sportfreaks.eu\/index.php\/wp-json\/wp\/v2\/pages\/83\/revisions\/448"}],"wp:attachment":[{"href":"https:\/\/sportfreaks.eu\/index.php\/wp-json\/wp\/v2\/media?parent=83"}],"curies":[{"name":"wp","href":"https:\/\/api.w.org\/{rel}","templated":true}]}}