{"id":81,"date":"2021-12-20T20:30:50","date_gmt":"2021-12-20T20:30:50","guid":{"rendered":"https:\/\/sportfreaks.eu\/?page_id=81"},"modified":"2023-10-23T07:34:52","modified_gmt":"2023-10-23T07:34:52","slug":"datenschutzerklaerung","status":"publish","type":"page","link":"https:\/\/sportfreaks.eu\/index.php\/datenschutzerklaerung\/","title":{"rendered":"Datenschutzerkl\u00e4rung"},"content":{"rendered":"<h2 class=\"wp-block-heading\" id=\"allgemeines\">Allgemeines<\/h2><p>Die Sport Freaks legen als Anbieter gr\u00f6\u00dften Wert auf die&nbsp;<strong>Sicherheit&nbsp;<\/strong>und den&nbsp;<strong>Schutz&nbsp;<\/strong>Ihrer Daten. Gerne informieren wir Sie nachfolgend ausf\u00fchrlich dar\u00fcber, mit welcher Sorgfalt und Gewissenhaftigkeit Ihre Daten behandelt werden.<\/p><p>Sollten Sie zum Thema Datenschutz weitere Fragen haben, stehe ich (Lukas Tegischer \u2013 Sport Freaks) gerne zur Verf\u00fcgung. Sie erreichen mich per Mail:&nbsp;<a href=\"mailto:info@sportfreaks.eu\" data-type=\"mailto\" data-id=\"mailto:info@sportfreaks.eu\">info@sportfreaks.eu<\/a><\/p><h2 class=\"wp-block-heading\" id=\"1-nutzungsdaten-server\">#1 Nutzungsdaten \u2013 Server<\/h2><p>Die Website wird vom Qualit\u00e4tsanbieter Strato gehostet. (LINK:&nbsp;<a href=\"https:\/\/www.strato.de\/\">https:\/\/www.strato.de\/<\/a>)<\/p><p class=\"has-luminous-vivid-amber-color has-text-color\">Stratos\/Webionic garantiert die Einhaltung aller geeigneten technischen und organisatorischen Ma\u00dfnahmen, sodass die Datenverarbeitung DSGVO-konform erfolgt. Vertrag:&nbsp;<a href=\"https:\/\/prof-tegischer.com\/wp-content\/uploads\/2021\/12\/Vereinbarung_zur_Auftragsverarbeitung_online.pdf\">https:\/\/prof-tegischer.com\/wp-content\/uploads\/2021\/12\/Vereinbarung_zur_Auftragsverarbeitung_online.pdf<\/a><\/p><p>Beim Aufruf Ihrer Webseite durch Besucher werden die IP-Adressen dieser Besucher erfasst und in&nbsp;<strong>Logfiles&nbsp;<\/strong>gespeichert.&nbsp;Die Logfiles werden f\u00fcr&nbsp;<strong>maximal 3 Monate<\/strong>&nbsp;gespeichert und danach gel\u00f6scht.<\/p><p>Detaillierte Statistik \/ Hintergrundwissen zu den Logfiles:&nbsp;<a href=\"https:\/\/www.strato.de\/faq\/hosting\/so-erfahren-sie-wie-oft-ihre-internet-seiten-besucht-worden-sind\/\">https:\/\/www.strato.de\/faq\/hosting\/so-erfahren-sie-wie-oft-ihre-internet-seiten-besucht-worden-sind\/<\/a><\/p><p><strong>1.1 Hintergrundwissen (Strato \u2013 Logfiles)<\/strong><\/p><p>Ein Webserver protokolliert jeden einzelnen Zugriff auf ein Element (z. B. eine HTML-Datei oder ein Bild) innerhalb Ihrer Webpr\u00e4senz. Auch gescheiterte oder verweigerte Zugriffe (z. B. wg. Passwortschutz) werden notiert. Der Server schreibt in ein so genanntes \u201eLogfile\u201c, von welcher Domain aus der Zugriff erfolgt, zu welcher Zeit und welches Element (z.B. welche Seite oder welches Bild) abgerufen wird. Unser Server protokolliert auch, mit welchem Browser das Element abgerufen wird.<\/p><p>Aus datenschutzrechtlichen Gr\u00fcnden wird in den Logfiles der Hostname bzw. die IP-Adresse des Clients, der Ihre Website aufruft, anonymisiert. In den Logfiles werden nur die Eintr\u00e4ge f\u00fcr den Host des Clients oder, wenn dieser nicht ermittelbar ist, die IP-Adresse des Clients anonymisiert. Das Format aller anderen Eintr\u00e4ge \u00e4ndert sich nicht.<\/p><p>Die ersten 9 Bit der IP-Adresse des Eintrags werden in einen Hash-Wert umgewandelt. So k\u00f6nnte aus der IP-Adresse 123.123.123.123 die \u201eanonyme\u201c IP-Adresse 123.123.122.243 werden. Eine&nbsp; anonymisierte IP-Adresse beh\u00e4lt maximal 24 Stunden ihre G\u00fcltigkeit. Danach w\u00fcrde aus derselben Ausgangs-IP-Adresse eine andere \u201eanonyme\u201c IP-Adresse werden.<\/p><p><strong>1.2 Weitere Informationen zu den Logfiles:<\/strong><\/p><p>Um zu erkennen, von wo aus unsere Server gegebenenfalls angegriffen werden, erheben wir IP-Adressen. Diese speichern wir branchen\u00fcblich maximal sieben Tage lang. Danach werden sie anonymisiert. Aus Datenschutzgr\u00fcnden kannst Du jedoch die IP-Adressen in dem Logfile von Beginn an nur anonymisiert einsehen. Ein Beispiel: Aus 123.456.789.001 wird anon-123-456-165-41.invalid.<br><a href=\"https:\/\/strato.de\/blog\/dsgvo-logfiles\/#:~:text=Anonymisierte%20Client-IP%3A%20Um%20zu,Danach%20werden%20sie%20anonymisiert.\">https:\/\/strato.de\/blog\/dsgvo-logfiles\/#:~:text=Anonymisierte%20Client-IP%3A%20Um%20zu,Danach%20werden%20sie%20anonymisiert.<\/a><\/p><p><strong>1.3 Dem Qualit\u00e4tsanbieter STRATO sind Datensicherheit und Datenschutz ein wichtiges Anliegen<\/strong>: Die STRATO Rechenzentren sind vom T\u00dcV S\u00fcd nach ISO 27001 auch auf Datensicherheit hin \u00fcberpr\u00fcft und zertifiziert. Die Daten sind durch verschiedene Sicherheitsmechanismen gegen unberechtigten Zugriff gesch\u00fctzt.<br>Weiter Informationen:&nbsp;<a href=\"https:\/\/www.strato.de\/faq\/sicherheit\/wo-befinden-sich-meine-daten-und-wie-sind-sie-gesichert\/\">https:\/\/www.strato.de\/faq\/sicherheit\/wo-befinden-sich-meine-daten-und-wie-sind-sie-gesichert\/<\/a><\/p><h2 class=\"wp-block-heading\">#2 Daten bei Registrierung (DigiMember und DigiStore24)<\/h2><p>Bei der <strong>Homepage <\/strong>wird das Mitglieder-Plug-In <strong>DigiMember <\/strong>in Kooperation mit dem Zahlungsanbieter <strong>DigiStore24 <\/strong>verwendet.<\/p><p>Um die volle Funktionalit\u00e4t auf dieser Homepage zu erhalten, k\u00f6nnen Sie eine Mitgliedschaft beantragen. Dabei werden sie zu <strong>DigiStore24 <\/strong>weitergeleitet. Bei der Registrierung werden folgende Daten abgefragt:<\/p><ul class=\"wp-block-list\"><li>Vorname<\/li>\n\n<li>Nachname<\/li>\n\n<li>E-Mail-Adresse<\/li><\/ul><p>Diese Daten werden ben\u00f6tigt, um ein <strong>Nutzerprofil <\/strong>f\u00fcr Sie zu erstellen, Ihnen die Zugangsdaten zukommen zu lassen und ggf. Kontakt mit Ihnen aufzunehmen. Selbstverst\u00e4ndlich erfolgt die Daten\u00fcbertragung hierbei ausschlie\u00dflich \u00fcber eine verschl\u00fcsselte Verbindung.<\/p><ul class=\"wp-block-list\"><li>Ihre Daten bleiben gespeichert, so lange Ihr Profil besteht und\/oder diese aus Abrechnungsgr\u00fcnden ben\u00f6tigt werden.<\/li>\n\n<li>Sie k\u00f6nnen Ihren Account jederzeit \u00fcber das Profil selbst\u00e4ndig l\u00f6schen.<\/li>\n\n<li>Die Daten werden unter keinen Umst\u00e4nden an Dritte \u00fcbermittelt. Nur bei Strafverfahren besteht eine Ausnahme.<\/li><\/ul><p><strong><span class=\"has-inline-color has-primary-color\">2.1 Wie k\u00f6nnen Mitglieder erfahren, welche Daten von Ihnen gespeichert wurden?<\/span><\/strong><\/p><p>Wenn Sie im Mitgliederbereich angemeldet sind, k\u00f6nnen sie beim Men\u00fcpunkt Mein Profil Ihre pers\u00f6nlichen Daten einsehen, exportieren und \u00e4ndern. Mit der Funktion namens <strong><span class=\"has-inline-color has-secondary-color\">&#8222;Export pers\u00f6nlicher Daten&#8220;<\/span><\/strong> werden bei Klick auf den Button 2 Dateien erstellt, die anschlie\u00dfend heruntergeladen werden k\u00f6nnen. Das Mitglied kann die Daten als XML und\/oder als Textdatei herunterladen und erh\u00e4lt Auskunft \u00fcber Seine gespeicherten pers\u00f6nlichen Daten.<\/p><p><strong><span class=\"has-inline-color has-primary-color\">2.2 Wie k\u00f6nnen Mitglieder Ihre pers\u00f6nlichen Daten l\u00f6schen?<\/span><\/strong><\/p><p>Wenn Sie im Mitgliederbereich angemeldet sind, k\u00f6nnen sie beim Men\u00fcpunkt Mein Profil Ihre pers\u00f6nlichen Daten l\u00f6schen. Dazu ist die Eingabe des Passworts n\u00f6tig.<\/p><p><strong><span class=\"has-inline-color has-primary-color\">2.3 Weitere Informationen zu DigiMember und DigiStore24:<\/span><\/strong><\/p><ul class=\"wp-block-list\"><li>DigiMember: DigiMember erhebt und verarbeitet keine personenbezogenen Daten von den Mitgliedern von Prof. Tegischer. Daher findet keine Weitergabe oder Verarbeitung pers\u00f6nlicher Daten an und mit DigiMember statt. (<a href=\"https:\/\/digimember.de\/digimember-dsgvo\/\">https:\/\/digimember.de\/digimember-dsgvo\/<\/a>)<\/li>\n\n<li>DigiStore24: Digistore24 ist kein Zahlungsdienstleister. Sie sind Verk\u00e4ufer und Vertragspartner des Endkunden (Resellermodell). Zur Erf\u00fcllung des Kaufvertrags gibt DigiStore24 dann Kundendaten an Prof. Tegischer weiter.(<a href=\"https:\/\/privacy.digistore24.com\/lektion-10\">https:\/\/privacy.digistore24.com\/lektion-10<\/a>)<\/li>\n\n<li>Sicherheit DigiStore24: Die Daten und Backups liegen auf Servern eines der weltweit renommiertesten Hoster. Dadurch wird sichergestellt, dass datenschutzrechtlichen sowie sicherheitsrelevanten Vorgaben zur G\u00e4nze eingehalten werden.<\/li><\/ul><p><strong><span class=\"has-inline-color has-primary-color\">2.4 Speichert DigiMember IP-Adressen?<\/span><\/strong><\/p><p>DigiMember speichert die IP-Adresse, um Betrug zu verhindern. Hier liegt ein berechtigtes Interesse vor, da DigiMember-User in der Regel Unternehmer sind, die Produkte oder Dienstleistungen anbieten und ein Recht darauf haben, die Produktinhalte und Dienstleistungen zu sch\u00fctzen.<\/p><p>Es ist allerdings nicht notwendig, die IP-Adresse im Klartext zu speichern. Deshalb werden IP-Adressen als Hashwert (eine Art Pr\u00fcfsumme) gespeichert. Dann ist die IP-Adressse nicht mehr einsehbar &#8211; auch nicht f\u00fcr DigiMember. DigiMember kann jedoch weiterhin pr\u00fcfen, von wie vielen IP-Adressen der Zugang erfolgt. Gespeicherte IP-Adressen werden im Rahmen innerhalb von 24 Stunden nach Installation gel\u00f6scht.<\/p><p><\/p><h2 class=\"wp-block-heading\" id=\"2-cookies\">#3 Cookies<\/h2><p>Die Webseite verwendet Cookies, um Ihnen die bestm\u00f6gliche Erfahrung auf unserer Website zu bieten.<\/p><p><strong>3.1 Technisch-Notwendige Cookies (Essentielle Cookies)<\/strong><\/p><p>Es werden drei essentielle Cookies gesetzt, um die Funktionalit\u00e4t der Webseite zu gew\u00e4hrleisten:<\/p><ul class=\"wp-block-list\"><li><strong>ncore_session<\/strong>&nbsp;und&nbsp;&nbsp;<strong>dm_session<\/strong>.<br>Diese Cookies sind nur auf die jeweilige Sitzung bezogen, d.h. sie werden danach wieder gel\u00f6scht. Beides sind essentielles Cookies f\u00fcr die Funktionalit\u00e4t Ihrer Seite. Es werden KEINE Tracking-Daten oder Werbedaten erhoben.<br>Weitere Informationen zu diesen Cookies finden Sie hier:&nbsp;<a href=\"https:\/\/digimember-hilfe.de\/docs\/faq\/faq-datenschutz\/\">https:\/\/digimember-hilfe.de\/docs\/faq\/faq-datenschutz\/<\/a><\/li>\n\n<li>Sind Sie im Mitgliederbereich eingeloggt, so setzt WordPress den Cookie&nbsp;<strong>wordpress_logged_in_\u2026<\/strong><br>Dieser ist dazu da, um w\u00e4hrend einer Session eingeloggt zu bleiben.<\/li><\/ul><p><strong>3.2 Analysetool Matomo<\/strong><\/p><p>Die Reichweite unserer Webseite messen wir mit Matomo, einem Open-Source-Tool, das wir auf unserem eigenen Server betreiben.<\/p><p>Dabei wird ein Cookie auf dem Endger\u00e4t des Nutzers gesetzt, \u00fcber das die Aktivit\u00e4ten nachverfolgt und beispielsweise wiederkehrende Besuche erkannt werden k\u00f6nnen. Ihre IP-Adresse wird erfasst, aber umgehend (z.B. durch L\u00f6schung der letzten 8 Bit) pseudonymisiert. Damit ist ein R\u00fcckschluss auf einzelne Personen nicht mehr m\u00f6glich. Ausgewertet werden unter anderem der&nbsp;<strong>ungef\u00e4hre<\/strong>&nbsp;geografische Standort, Endger\u00e4t, Bildschirmaufl\u00f6sung, Browser sowie besuchte Seiten einschlie\u00dflich der Verweildauer.<\/p><p>Besuchen Sie zum ersten Mal die Seite Prof. Tegischer, so ist der Analysetool&nbsp;<strong>Matomo&nbsp;<\/strong>deaktiviert. \u00dcber den&nbsp;<strong>Cookie Banner<\/strong>&nbsp;im unteren Bereich k\u00f6nnen Sie Matomo aktivieren bzw. nicht aktivieren.<\/p><p>Zus\u00e4tzlich k\u00f6nnen Sie Matomo auch hier aktivieren bzw. deaktivieren:https:\/\/matomo.prof-tegischer.com\/index.php?module=CoreAdminHome&amp;action=optOut&amp;language=de&amp;backgroundColor=&amp;fontColor=&amp;fontSize=&amp;fontFamily=<\/p><h2 class=\"wp-block-heading\" id=\"3-links\">#4 Links<\/h2><p>Die Webseite enth\u00e4lt so genannte externe Links (Verlinkungen) zu anderen Webseiten, auf deren Inhalt der Websitebetreiber keinen Einfluss hat. Aus diesem Grund kann der Websitebetreiber f\u00fcr diese Inhalte auch keine Gew\u00e4hr \u00fcbernehmen. Zum Zeitpunkt der Verlinkung waren keine Rechtsverst\u00f6\u00dfe erkennbar. Bei Bekanntwerden einer solchen Rechtsverletzung wird der Link umgehend entfernt.<\/p><p>Welche Links werden gesetzt?<\/p><ul class=\"wp-block-list\"><li>Es gibt zahlreiche Links&nbsp;<strong>innerhalb der Webseite.<\/strong>&nbsp;Dies stellen keine Links zu Dritten dar.<\/li>\n\n<li>Bei den Themengebieten gibt es Links zum passenden&nbsp;<strong>YouTube-Video<\/strong>. Dabei wird auch das Bild verlinkt.<\/li>\n\n<li>Es gibt Links zu&nbsp;<strong>Instagram&nbsp;<\/strong>und&nbsp;<strong>Facebook<\/strong>&nbsp;(Klick auf das jeweilige Logo).<\/li><\/ul><h2 class=\"wp-block-heading\" id=\"4-dauer-der-datenspeicherung\">#5 Dauer der Datenspeicherung<\/h2><p>Die Bestandsdaten werden sp\u00e4testens mit Ablauf des auf die Beendigung des Vertragsverh\u00e4ltnisses folgenden Kalenderjahres gel\u00f6scht, sofern dem im Einzelfall nicht besondere Gr\u00fcnde entgegen stehen. Soweit Kunden gegen die H\u00f6he der in der Rechnung gestellten Leistungsentgelte Einwendungen erhoben haben, d\u00fcrfen die Abrechnungsdaten gespeichert werden, bis die Einwendungen abschlie\u00dfend gekl\u00e4rt sind.<\/p><p>Ferner k\u00f6nnen Bestandsdaten bis zum Ablauf von zwei Jahren gespeichert bleiben, sofern Beschwerdebearbeitungen sowie sonstige Gr\u00fcnde einer ordnungsgem\u00e4\u00dfen Abwicklung des Vertragsverh\u00e4ltnisses dies erfordern. Im \u00dcbrigen darf die L\u00f6schung von Bestands- und Abrechnungsdaten unterbleiben, soweit dies gesetzliche Regelungen vorsehen oder die Verfolgung von Anspr\u00fcchen dies erfordert.<\/p><p>Grunds\u00e4tzlich liegen der Dauer der Speicherung von personenbezogenen Daten die gesetzlich vorgeschriebenen Aufbewahrungsfrist zugrunde. Nach Ablauf der Frist werden die entsprechenden Daten automatisch gel\u00f6scht, sofern sie nicht mehr zur Vertragserf\u00fcllung oder Vertragsanbahnung erforderlich sind.<\/p><h2 class=\"wp-block-heading\" id=\"5-sicherung-der-gespeicherten-daten\">#6 Sicherung der gespeicherten Daten<\/h2><p>Ein Zugriff auf Ihre in unserer Datenbank gespeicherten Daten erfolgt von uns selbstverst\u00e4ndlich nur \u00fcber eine verschl\u00fcsselte Verbindung. Dritte haben keine M\u00f6glichkeit, diese Daten einzusehen oder zu nutzen.<\/p><h2 class=\"wp-block-heading\" id=\"6-welche-rechte-haben-sie-an-ihren-daten\">#7 Welche Rechte haben Sie an Ihren Daten<\/h2><p>Ihnen stehen bez\u00fcglich Ihrer bei uns gespeicherten Daten grunds\u00e4tzlich die Rechte auf Auskunft, Berichtigung, L\u00f6schung, Einschr\u00e4nkung, Daten\u00fcbertragbarkeit, Widerruf und Widerspruch zu. Wenn Sie glauben, dass die Verarbeitung Ihrer Daten gegen das Datenschutzrecht verst\u00f6\u00dft oder Ihre datenschutzrechtlichen Anspr\u00fcche sonst in einer Weise verletzt worden sind, k\u00f6nnen Sie sich an mich (<a href=\"mailto:info@sportfreaks.eu\" data-type=\"mailto\" data-id=\"mailto:info@sportfreaks.eu\">info@sportfreaks.eu<\/a>)&nbsp;wenden. Weiterhin steht Ihnen das Recht zu, sich jederzeit bei der zust\u00e4ndigen Aufsichtsbeh\u00f6rde zu beschweren.<\/p><p><\/p><p><\/p><div style=\"height:220px\" aria-hidden=\"true\" class=\"wp-block-spacer\"><\/div><p class=\"has-text-align-center\"><a href=\"https:\/\/sportfreaks.eu\/index.php\/datenschutzerklaerung\/\" data-type=\"URL\" data-id=\"https:\/\/sportfreaks.eu\/index.php\/datenschutzerklaerung\/\">Datenschutzerkl\u00e4rung<\/a> ~ <a href=\"https:\/\/sportfreaks.eu\/index.php\/impressum\/\" data-type=\"URL\" data-id=\"https:\/\/sportfreaks.eu\/index.php\/impressum\/\">Impressum<\/a> ~ <a href=\"https:\/\/sportfreaks.eu\/index.php\/lizenzbedingungen-und-regeln\/\" data-type=\"URL\" data-id=\"https:\/\/sportfreaks.eu\/index.php\/lizenzbedingungen-und-regeln\/\">Lizenzbedingungen und Regeln<\/a><\/p>","protected":false},"excerpt":{"rendered":"<p>Allgemeines Die Sport Freaks legen als Anbieter gr\u00f6\u00dften Wert auf die&nbsp;Sicherheit&nbsp;und den&nbsp;Schutz&nbsp;Ihrer Daten. Gerne informieren wir Sie nachfolgend ausf\u00fchrlich dar\u00fcber, mit welcher Sorgfalt und Gewissenhaftigkeit Ihre Daten behandelt werden. Sollten Sie zum Thema Datenschutz weitere Fragen haben, stehe ich (Lukas Tegischer \u2013 Sport Freaks) gerne zur Verf\u00fcgung. Sie erreichen mich per Mail:&nbsp;info@sportfreaks.eu #1 Nutzungsdaten \u2013 [&hellip;]<\/p>\n","protected":false},"author":1,"featured_media":0,"parent":0,"menu_order":0,"comment_status":"closed","ping_status":"closed","template":"","meta":{"footnotes":""},"class_list":["post-81","page","type-page","status-publish","hentry"],"_links":{"self":[{"href":"https:\/\/sportfreaks.eu\/index.php\/wp-json\/wp\/v2\/pages\/81","targetHints":{"allow":["GET"]}}],"collection":[{"href":"https:\/\/sportfreaks.eu\/index.php\/wp-json\/wp\/v2\/pages"}],"about":[{"href":"https:\/\/sportfreaks.eu\/index.php\/wp-json\/wp\/v2\/types\/page"}],"author":[{"embeddable":true,"href":"https:\/\/sportfreaks.eu\/index.php\/wp-json\/wp\/v2\/users\/1"}],"replies":[{"embeddable":true,"href":"https:\/\/sportfreaks.eu\/index.php\/wp-json\/wp\/v2\/comments?post=81"}],"version-history":[{"count":5,"href":"https:\/\/sportfreaks.eu\/index.php\/wp-json\/wp\/v2\/pages\/81\/revisions"}],"predecessor-version":[{"id":1852,"href":"https:\/\/sportfreaks.eu\/index.php\/wp-json\/wp\/v2\/pages\/81\/revisions\/1852"}],"wp:attachment":[{"href":"https:\/\/sportfreaks.eu\/index.php\/wp-json\/wp\/v2\/media?parent=81"}],"curies":[{"name":"wp","href":"https:\/\/api.w.org\/{rel}","templated":true}]}}