{"id":153,"date":"2021-12-21T08:50:50","date_gmt":"2021-12-21T08:50:50","guid":{"rendered":"https:\/\/sportfreaks.eu\/?page_id=153"},"modified":"2022-05-09T19:59:39","modified_gmt":"2022-05-09T19:59:39","slug":"barren-stemmbewegungen","status":"publish","type":"page","link":"https:\/\/sportfreaks.eu\/index.php\/barren-stemmbewegungen\/","title":{"rendered":"Barren &#8211; Stemmbewegungen"},"content":{"rendered":"<p class=\"has-text-align-center has-medium-font-size\">1.  <a href=\"https:\/\/sportfreaks.eu\/index.php\/barren-stemme-vorwaerts\/\">Stemme vorw\u00e4rts<\/a><\/p><p class=\"has-text-align-center has-medium-font-size\">2. <a href=\"https:\/\/sportfreaks.eu\/index.php\/barren-stemme-rueckwaerts\/\" data-type=\"URL\" data-id=\"https:\/\/sportfreaks.eu\/index.php\/barren-stemme-rueckwaerts\/\">Stemme r\u00fcckw\u00e4rts<\/a><\/p><div style=\"height:220px\" aria-hidden=\"true\" class=\"wp-block-spacer\"><\/div><p class=\"has-text-align-center\"><a href=\"https:\/\/sportfreaks.eu\/index.php\/datenschutzerklaerung\/\" data-type=\"URL\" data-id=\"https:\/\/sportfreaks.eu\/index.php\/datenschutzerklaerung\/\">Datenschutzerkl\u00e4rung<\/a> ~ <a href=\"https:\/\/sportfreaks.eu\/index.php\/impressum\/\" data-type=\"URL\" data-id=\"https:\/\/sportfreaks.eu\/index.php\/impressum\/\">Impressum<\/a> ~ <a href=\"https:\/\/sportfreaks.eu\/index.php\/lizenzbedingungen-und-regeln\/\" data-type=\"URL\" data-id=\"https:\/\/sportfreaks.eu\/index.php\/lizenzbedingungen-und-regeln\/\">Lizenzbedingungen und Regeln<\/a><\/p>","protected":false},"excerpt":{"rendered":"<p>1. Stemme vorw\u00e4rts 2. Stemme r\u00fcckw\u00e4rts Datenschutzerkl\u00e4rung ~ Impressum ~ Lizenzbedingungen und Regeln<\/p>\n","protected":false},"author":1,"featured_media":0,"parent":0,"menu_order":0,"comment_status":"closed","ping_status":"closed","template":"","meta":{"footnotes":""},"class_list":["post-153","page","type-page","status-publish","hentry"],"_links":{"self":[{"href":"https:\/\/sportfreaks.eu\/index.php\/wp-json\/wp\/v2\/pages\/153","targetHints":{"allow":["GET"]}}],"collection":[{"href":"https:\/\/sportfreaks.eu\/index.php\/wp-json\/wp\/v2\/pages"}],"about":[{"href":"https:\/\/sportfreaks.eu\/index.php\/wp-json\/wp\/v2\/types\/page"}],"author":[{"embeddable":true,"href":"https:\/\/sportfreaks.eu\/index.php\/wp-json\/wp\/v2\/users\/1"}],"replies":[{"embeddable":true,"href":"https:\/\/sportfreaks.eu\/index.php\/wp-json\/wp\/v2\/comments?post=153"}],"version-history":[{"count":4,"href":"https:\/\/sportfreaks.eu\/index.php\/wp-json\/wp\/v2\/pages\/153\/revisions"}],"predecessor-version":[{"id":755,"href":"https:\/\/sportfreaks.eu\/index.php\/wp-json\/wp\/v2\/pages\/153\/revisions\/755"}],"wp:attachment":[{"href":"https:\/\/sportfreaks.eu\/index.php\/wp-json\/wp\/v2\/media?parent=153"}],"curies":[{"name":"wp","href":"https:\/\/api.w.org\/{rel}","templated":true}]}}