{"id":1303,"date":"2023-01-13T07:12:48","date_gmt":"2023-01-13T07:12:48","guid":{"rendered":"https:\/\/sportfreaks.eu\/?page_id=1303"},"modified":"2023-10-23T08:58:46","modified_gmt":"2023-10-23T08:58:46","slug":"ausarbeitungen-boden","status":"publish","type":"page","link":"https:\/\/sportfreaks.eu\/index.php\/ausarbeitungen-boden\/","title":{"rendered":"Ausarbeitungen: BODEN"},"content":{"rendered":"<h2 class=\"wp-block-heading has-text-align-center has-vivid-red-color has-text-color\">1. Grundlagen<\/h2><p class=\"has-text-align-center has-black-color has-text-color has-medium-font-size\">1. <a href=\"https:\/\/sportfreaks.eu\/index.php\/rolle-vorwaerts-boden\/\" data-type=\"URL\" data-id=\"https:\/\/sportfreaks.eu\/index.php\/rolle-vorwaerts-boden\/\">Rolle vorw\u00e4rts<\/a><\/p><p class=\"has-text-align-center has-black-color has-text-color has-medium-font-size\">2. <a href=\"https:\/\/sportfreaks.eu\/index.php\/rolle-rueckwaerts-boden\/\" data-type=\"URL\" data-id=\"https:\/\/sportfreaks.eu\/index.php\/rolle-rueckwaerts-boden\/\">Rolle r\u00fcckw\u00e4rts<\/a> (frei verf\u00fcgbar)<\/p><p class=\"has-text-align-center has-black-color has-text-color has-medium-font-size\">3. <a href=\"https:\/\/sportfreaks.eu\/index.php\/boden-rolle-vw-rw-variationen-und-verbindungen\/\" data-type=\"URL\" data-id=\"https:\/\/sportfreaks.eu\/index.php\/boden-rolle-vw-rw-variationen-und-verbindungen\/\">Rollvariationen und -verbindungen<\/a><\/p><p class=\"has-text-align-center has-medium-font-size\">4. <a href=\"https:\/\/sportfreaks.eu\/index.php\/boden-standwaage\/\" data-type=\"URL\" data-id=\"https:\/\/sportfreaks.eu\/index.php\/boden-standwaage\/\">Standwaage<\/a><\/p><p class=\"has-text-align-center has-medium-font-size\">5. <a href=\"https:\/\/sportfreaks.eu\/index.php\/boden-pferdchensprung\/\" data-type=\"URL\" data-id=\"https:\/\/sportfreaks.eu\/index.php\/boden-pferdchensprung\/\">Pferdchensprung<\/a><\/p><p class=\"has-text-align-center has-medium-font-size\">6. <a href=\"https:\/\/sportfreaks.eu\/index.php\/boden-schersprung\/\" data-type=\"URL\" data-id=\"https:\/\/sportfreaks.eu\/index.php\/boden-schersprung\/\">Schersprung<\/a><\/p><p class=\"has-text-align-center has-medium-font-size\">7. <a href=\"https:\/\/sportfreaks.eu\/index.php\/boden-360-sprung\/\" data-type=\"URL\" data-id=\"https:\/\/sportfreaks.eu\/index.php\/boden-360-sprung\/\">Sprung mit 1\/1-Drehung bzw. 360\u00b0-Sprung<\/a><\/p><p class=\"has-text-align-center has-medium-font-size\">8. <a href=\"https:\/\/sportfreaks.eu\/index.php\/boden-kraehe\/\" data-type=\"URL\" data-id=\"https:\/\/sportfreaks.eu\/index.php\/boden-kraehe\/\">Kr\u00e4he<\/a><\/p><p class=\"has-text-align-center has-medium-font-size\">9. <a href=\"https:\/\/sportfreaks.eu\/index.php\/boden-sprungrolle\/\" data-type=\"URL\" data-id=\"https:\/\/sportfreaks.eu\/index.php\/boden-sprungrolle\/\">Sprungrolle vorw\u00e4rts<\/a><\/p><div style=\"height:50px\" aria-hidden=\"true\" class=\"wp-block-spacer\"><\/div><h2 class=\"wp-block-heading has-text-align-center has-vivid-red-color has-text-color\">2. Kopfstand, Handstand<\/h2><p class=\"has-text-align-center has-black-color has-text-color has-medium-font-size\">1. <a href=\"https:\/\/sportfreaks.eu\/index.php\/boden-kopfstand\/\" data-type=\"URL\" data-id=\"https:\/\/sportfreaks.eu\/index.php\/boden-kopfstand\/\">Kopfstand<\/a><\/p><p class=\"has-text-align-center has-medium-font-size\">2. <a href=\"https:\/\/sportfreaks.eu\/index.php\/boden-kraehe-kopfstand-kraehe\/\" data-type=\"URL\" data-id=\"https:\/\/sportfreaks.eu\/index.php\/boden-kraehe-kopfstand-kraehe\/\">Kr\u00e4he &#8211; Kopfstand &#8211; Kr\u00e4he<\/a><\/p><p class=\"has-text-align-center has-medium-font-size\">3. <a href=\"https:\/\/sportfreaks.eu\/index.php\/boden-aufschwingen-in-den-handstand\/\" data-type=\"URL\" data-id=\"https:\/\/sportfreaks.eu\/index.php\/boden-aufschwingen-in-den-handstand\/\">Aufschwingen in den Handstand<\/a>  (frei verf\u00fcgbar)<\/p><p class=\"has-text-align-center has-medium-font-size\">4. <a href=\"https:\/\/sportfreaks.eu\/index.php\/handstand-abrollen-boden\/\">Handstand abrollen<\/a><\/p><p class=\"has-text-align-center has-medium-font-size\">5. <a href=\"https:\/\/sportfreaks.eu\/index.php\/boden-handstand-an-der-mauer-levels\/\" data-type=\"URL\" data-id=\"https:\/\/sportfreaks.eu\/index.php\/boden-handstand-an-der-mauer-levels\/\">Handstand an der Mauer (Levels)<\/a><\/p><p class=\"has-text-align-center has-black-color has-text-color has-medium-font-size\">6. <a href=\"https:\/\/sportfreaks.eu\/index.php\/boden-schweizer-handstand-gespreizt\/\">Schweizer Handstand (gespreizt)<\/a><\/p><div style=\"height:50px\" aria-hidden=\"true\" class=\"wp-block-spacer\"><\/div><h2 class=\"wp-block-heading has-text-align-center has-vivid-red-color has-text-color\">3. Rad, Rondat<\/h2><p class=\"has-text-align-center has-medium-font-size\">1. <a href=\"https:\/\/sportfreaks.eu\/index.php\/boden-rad\/\">Rad<\/a><\/p><p class=\"has-text-align-center has-medium-font-size\">2. <a href=\"https:\/\/sportfreaks.eu\/index.php\/boden-rondat\/\" data-type=\"URL\" data-id=\"https:\/\/sportfreaks.eu\/index.php\/boden-rondat\/\">Rondat<\/a><\/p><div style=\"height:50px\" aria-hidden=\"true\" class=\"wp-block-spacer\"><\/div><h2 class=\"wp-block-heading has-text-align-center has-vivid-red-color has-text-color\">4. \u00dcberschl\u00e4ge, Salti<\/h2><p class=\"has-text-align-center has-medium-font-size\">1. <a href=\"https:\/\/sportfreaks.eu\/index.php\/boden-handstandueberschlag-vw\/\">Handst\u00fctz\u00fcberschlag vorw\u00e4rts<\/a><\/p><p class=\"has-text-align-center has-medium-font-size\">2. Flick-Flack<\/p><p class=\"has-text-align-center has-medium-font-size\">3. Salto vw.<\/p><p class=\"has-text-align-center has-medium-font-size\">4. Salto rw.<\/p><div style=\"height:220px\" aria-hidden=\"true\" class=\"wp-block-spacer\"><\/div><p class=\"has-text-align-center\"><a href=\"https:\/\/sportfreaks.eu\/index.php\/datenschutzerklaerung\/\" data-type=\"URL\" data-id=\"https:\/\/sportfreaks.eu\/index.php\/datenschutzerklaerung\/\">Datenschutzerkl\u00e4rung<\/a> ~ <a href=\"https:\/\/sportfreaks.eu\/index.php\/impressum\/\" data-type=\"URL\" data-id=\"https:\/\/sportfreaks.eu\/index.php\/impressum\/\">Impressum<\/a> ~ <a href=\"https:\/\/sportfreaks.eu\/index.php\/lizenzbedingungen-und-regeln\/\" data-type=\"URL\" data-id=\"https:\/\/sportfreaks.eu\/index.php\/lizenzbedingungen-und-regeln\/\">Lizenzbedingungen und Regeln<\/a><\/p>","protected":false},"excerpt":{"rendered":"<p>1. Grundlagen 1. Rolle vorw\u00e4rts 2. Rolle r\u00fcckw\u00e4rts (frei verf\u00fcgbar) 3. Rollvariationen und -verbindungen 4. Standwaage 5. Pferdchensprung 6. Schersprung 7. Sprung mit 1\/1-Drehung bzw. 360\u00b0-Sprung 8. Kr\u00e4he 9. Sprungrolle vorw\u00e4rts 2. Kopfstand, Handstand 1. Kopfstand 2. Kr\u00e4he &#8211; Kopfstand &#8211; Kr\u00e4he 3. Aufschwingen in den Handstand (frei verf\u00fcgbar) 4. Handstand abrollen 5. Handstand an [&hellip;]<\/p>\n","protected":false},"author":1,"featured_media":0,"parent":0,"menu_order":0,"comment_status":"closed","ping_status":"closed","template":"","meta":{"footnotes":""},"class_list":["post-1303","page","type-page","status-publish","hentry"],"_links":{"self":[{"href":"https:\/\/sportfreaks.eu\/index.php\/wp-json\/wp\/v2\/pages\/1303","targetHints":{"allow":["GET"]}}],"collection":[{"href":"https:\/\/sportfreaks.eu\/index.php\/wp-json\/wp\/v2\/pages"}],"about":[{"href":"https:\/\/sportfreaks.eu\/index.php\/wp-json\/wp\/v2\/types\/page"}],"author":[{"embeddable":true,"href":"https:\/\/sportfreaks.eu\/index.php\/wp-json\/wp\/v2\/users\/1"}],"replies":[{"embeddable":true,"href":"https:\/\/sportfreaks.eu\/index.php\/wp-json\/wp\/v2\/comments?post=1303"}],"version-history":[{"count":5,"href":"https:\/\/sportfreaks.eu\/index.php\/wp-json\/wp\/v2\/pages\/1303\/revisions"}],"predecessor-version":[{"id":1870,"href":"https:\/\/sportfreaks.eu\/index.php\/wp-json\/wp\/v2\/pages\/1303\/revisions\/1870"}],"wp:attachment":[{"href":"https:\/\/sportfreaks.eu\/index.php\/wp-json\/wp\/v2\/media?parent=1303"}],"curies":[{"name":"wp","href":"https:\/\/api.w.org\/{rel}","templated":true}]}}